{"id":10002967,"date":"2023-02-13T13:01:15","date_gmt":"2023-02-13T12:01:15","guid":{"rendered":"https:\/\/termine.lhhh.de\/?post_type=tribe_events&#038;p=4101"},"modified":"2023-06-29T10:42:54","modified_gmt":"2023-06-29T08:42:54","slug":"maedchen-treff","status":"publish","type":"tribe_events","link":"https:\/\/termine.lhhh.de\/?tribe_events=maedchen-treff&eventDate=2023-09-25","title":{"rendered":"M\u00e4dchen-Treff"},"content":{"rendered":"<div class=\"fusion-fullwidth fullwidth-box fusion-builder-row-2 nonhundred-percent-fullwidth non-hundred-percent-height-scrolling\">\n<div class=\"fusion-builder-row fusion-row\">\n<div class=\"fusion-layout-column fusion_builder_column fusion-builder-column-3 fusion_builder_column_2_3 2_3 fusion-two-third fusion-column-last\">\n<div class=\"fusion-column-wrapper fusion-flex-column-wrapper-legacy\">\n<div class=\"fusion-text fusion-text-2\">\n<table>\n<tbody>\n<tr>\n<td>Wir haben eine neue Gruppe:<\/p>\n<p>Einen<strong>\u00a0M\u00e4dchen-Treff<\/strong>.<\/p>\n<p>Das ist eine Freizeit-Gruppe.<\/p>\n<p>Die Gruppe ist f\u00fcr M\u00e4dchen und junge Frauen mit Behinderung.<\/p>\n<p>Du kannst mitmachen, wenn Du<\/p>\n<p>zwischen 15 und 27 Jahre alt bist.<\/td>\n<\/tr>\n<\/tbody>\n<\/table>\n<\/div>\n<div class=\"fusion-clearfix\"><\/div>\n<\/div>\n<\/div>\n<\/div>\n<\/div>\n<div class=\"fusion-fullwidth fullwidth-box fusion-builder-row-3 nonhundred-percent-fullwidth non-hundred-percent-height-scrolling\">\n<div class=\"fusion-builder-row fusion-row\">\n<div class=\"fusion-layout-column fusion_builder_column fusion-builder-column-6 fusion_builder_column_2_3 2_3 fusion-two-third fusion-column-last\">\n<div class=\"fusion-column-wrapper fusion-flex-column-wrapper-legacy\">\n<div class=\"fusion-text fusion-text-3\">\n<p><strong>Was machen wir?<br \/>\n<\/strong>Zum Beispiel:<\/p>\n<ul>\n<li>Spiele spielen<\/li>\n<li>Kochen<\/li>\n<li>Tanzen<\/li>\n<li>Basteln<\/li>\n<li>Reden<\/li>\n<\/ul>\n<p>Und alles, was uns Spa\u00df macht.<\/p>\n<\/div>\n<div class=\"fusion-clearfix\"><\/div>\n<\/div>\n<\/div>\n<\/div>\n<\/div>\n<div class=\"fusion-fullwidth fullwidth-box fusion-builder-row-4 fusion-flex-container nonhundred-percent-fullwidth non-hundred-percent-height-scrolling\">\n<div class=\"fusion-builder-row fusion-row fusion-flex-align-items-flex-start\">\n<div class=\"fusion-layout-column fusion_builder_column fusion-builder-column-7 fusion_builder_column_1_1 1_1 fusion-flex-column\">\n<div class=\"fusion-column-wrapper fusion-flex-justify-content-flex-start fusion-content-layout-column\">\n<div class=\"fusion-separator fusion-full-width-sep\">\n<div class=\"fusion-separator-border sep-single\"><\/div>\n<\/div>\n<\/div>\n<\/div>\n<\/div>\n<\/div>\n<div class=\"fusion-fullwidth fullwidth-box fusion-builder-row-5 nonhundred-percent-fullwidth non-hundred-percent-height-scrolling\">\n<div class=\"fusion-builder-row fusion-row\">\n<div class=\"fusion-layout-column fusion_builder_column fusion-builder-column-8 fusion_builder_column_1_3 1_3 fusion-one-third fusion-column-first\">\n<div class=\"fusion-column-wrapper fusion-flex-column-wrapper-legacy\">\n<div class=\"imageframe-align-center\"><span class=\" fusion-imageframe imageframe-none imageframe-6 hover-type-none\"><img decoding=\"async\" class=\"img-responsive wp-image-7530\" title=\"Motte Altona\" src=\"https:\/\/lhhh.de\/wp-content\/uploads\/2022\/11\/Motte-Altona-150x150.jpg\" alt=\"\" width=\"150\" height=\"150\" \/><\/span><\/div>\n<div class=\"fusion-clearfix\"><\/div>\n<\/div>\n<\/div>\n<div class=\"fusion-layout-column fusion_builder_column fusion-builder-column-9 fusion_builder_column_2_3 2_3 fusion-two-third fusion-column-last\">\n<div class=\"fusion-column-wrapper fusion-flex-column-wrapper-legacy\">\n<div class=\"fusion-text fusion-text-4\">\n<table>\n<tbody>\n<tr>\n<td><strong>Wo?<\/strong><br \/>\nIn der Motte in Altona.<br \/>\nDas ist ein Haus, in dem sich junge Menschen<br \/>\ntreffen k\u00f6nnen.<strong><br \/>\nAdresse:<\/strong><br \/>\nEulenstra\u00dfe 43<br \/>\n22765 Hamburg<\/td>\n<\/tr>\n<\/tbody>\n<\/table>\n<\/div>\n<div class=\"fusion-clearfix\"><\/div>\n<\/div>\n<\/div>\n<div class=\"fusion-layout-column fusion_builder_column fusion-builder-column-11 fusion_builder_column_2_3 2_3 fusion-two-third fusion-column-last\">\n<div class=\"fusion-column-wrapper fusion-flex-column-wrapper-legacy\">\n<div class=\"fusion-text fusion-text-5\">\n<p><strong>Wann?<br \/>\n<\/strong>Jeden zweiten Montag im Monat.<br \/>\nUm 17.00 Uhr.<\/p>\n<\/div>\n<\/div>\n<\/div>\n<\/div>\n<\/div>\n<div class=\"fusion-fullwidth fullwidth-box fusion-builder-row-6 fusion-flex-container nonhundred-percent-fullwidth non-hundred-percent-height-scrolling\">\n<div class=\"fusion-builder-row fusion-row fusion-flex-align-items-flex-start\">\n<div class=\"fusion-layout-column fusion_builder_column fusion-builder-column-12 fusion_builder_column_1_1 1_1 fusion-flex-column\">\n<div class=\"fusion-column-wrapper fusion-flex-justify-content-flex-start fusion-content-layout-column\">\n<div class=\"fusion-separator fusion-full-width-sep\">\n<div class=\"fusion-separator-border sep-single\"><\/div>\n<\/div>\n<\/div>\n<\/div>\n<\/div>\n<\/div>\n<div class=\"fusion-fullwidth fullwidth-box fusion-builder-row-7 nonhundred-percent-fullwidth non-hundred-percent-height-scrolling\">\n<div class=\"fusion-builder-row fusion-row\">\n<div class=\"fusion-layout-column fusion_builder_column fusion-builder-column-13 fusion_builder_column_1_3 1_3 fusion-one-third fusion-column-first\">\n<div class=\"fusion-column-wrapper fusion-flex-column-wrapper-legacy\">\n<div class=\"imageframe-align-center\"><span class=\" fusion-imageframe imageframe-none imageframe-8 hover-type-none\"><img decoding=\"async\" class=\"img-responsive wp-image-7468\" title=\"Laura\" src=\"https:\/\/lhhh.de\/wp-content\/uploads\/2022\/11\/Laura-e1668767838315-150x150.jpg\" alt=\"\" width=\"150\" height=\"150\" \/><\/span><\/div>\n<div class=\"fusion-clearfix\"><\/div>\n<\/div>\n<\/div>\n<div class=\"fusion-layout-column fusion_builder_column fusion-builder-column-14 fusion_builder_column_2_3 2_3 fusion-two-third fusion-column-last\">\n<div class=\"fusion-column-wrapper fusion-flex-column-wrapper-legacy\">\n<div class=\"fusion-text fusion-text-6\">\n<p><strong>Wer macht die Gruppe?<\/strong><br \/>\nLaura und Nathalie.<\/p>\n<p>Auf dem Foto siehst Du Laura.<\/p>\n<\/div>\n<div class=\"fusion-text fusion-text-7\">\n<p><strong>M\u00f6chtest Du bei der Gruppe mitmachen?<br \/>\n<\/strong>Dann melde Dich an.<br \/>\nWir freuen uns.<\/p>\n<p><strong>Ansprech-Person:<\/strong><\/p>\n<p>Laura Gonska<br \/>\n<strong>E-Mail: maedchentreff-altona@outlook.de<\/strong><\/p>\n<\/div>\n<div class=\"fusion-clearfix\"><\/div>\n<\/div>\n<\/div>\n<\/div>\n<\/div>\n<div class=\"fusion-fullwidth fullwidth-box fusion-builder-row-9 nonhundred-percent-fullwidth non-hundred-percent-height-scrolling\">\n<div class=\"fusion-builder-row fusion-row\">\n<div class=\"fusion-layout-column fusion_builder_column fusion-builder-column-16 fusion_builder_column_1_3 1_3 fusion-one-third fusion-column-first\">\n<div class=\"fusion-column-wrapper fusion-flex-column-wrapper-legacy\">\n<div class=\"imageframe-align-center\"><span class=\" fusion-imageframe imageframe-none imageframe-9 hover-type-none\"><img decoding=\"async\" class=\"img-responsive wp-image-7471\" title=\"Frau Telefon\" src=\"https:\/\/lhhh.de\/wp-content\/uploads\/2022\/11\/Frau-Telefon.png\" alt=\"\" width=\"100\" height=\"100\" \/><\/span><\/div>\n<div class=\"fusion-clearfix\"><\/div>\n<\/div>\n<\/div>\n<div class=\"fusion-layout-column fusion_builder_column fusion-builder-column-17 fusion_builder_column_2_3 2_3 fusion-two-third fusion-column-last\">\n<div class=\"fusion-column-wrapper fusion-flex-column-wrapper-legacy\">\n<div class=\"fusion-text fusion-text-8\">\n<p>Oder rufe an bei:<\/p>\n<p>Ulrike St\u00fcve<br \/>\n<strong>Telefon:<\/strong>\u00a0040 \u2013\u00a0 689 433 11<\/p>\n<\/div>\n<div class=\"fusion-clearfix\"><\/div>\n<\/div>\n<\/div>\n<\/div>\n<\/div>\n<div class=\"fusion-fullwidth fullwidth-box fusion-builder-row-10 nonhundred-percent-fullwidth non-hundred-percent-height-scrolling\">\n<div class=\"fusion-builder-row fusion-row\">\n<div class=\"fusion-layout-column fusion_builder_column fusion-builder-column-18 fusion_builder_column_1_1 1_1 fusion-one-full fusion-column-first fusion-column-last\">\n<div class=\"fusion-column-wrapper fusion-flex-column-wrapper-legacy\"><\/div>\n<\/div>\n<\/div>\n<\/div>\n","protected":false},"excerpt":{"rendered":"<p>Wir haben eine neue Gruppe: Einen\u00a0M\u00e4dchen-Treff. Das ist eine Freizeit-Gruppe. Die Gruppe ist f\u00fcr M\u00e4dchen und junge Frauen mit Behinderung. Du kannst mitmachen, wenn Du zwischen 15 und 27 Jahre alt bist. Was machen wir? Zum Beispiel: Spiele spielen Kochen Tanzen Basteln Reden Und alles, was uns Spa\u00df macht. Wo? In der Motte in Altona.  [&#8230;]<\/p>\n","protected":false},"author":16,"featured_media":4105,"comment_status":"open","ping_status":"closed","template":"","meta":{"_price":"","_stock":"","_tribe_ticket_header":"","_tribe_default_ticket_provider":"Tribe__Tickets_Plus__Commerce__WooCommerce__Main","_tribe_ticket_capacity":"0","_ticket_start_date":"","_ticket_end_date":"","_tribe_ticket_show_description":"","_tribe_ticket_show_not_going":false,"_tribe_ticket_use_global_stock":"","_tribe_ticket_global_stock_level":"","_global_stock_mode":"","_global_stock_cap":"","_tribe_rsvp_for_event":"","_tribe_ticket_going_count":"","_tribe_ticket_not_going_count":"","_tribe_tickets_list":"[]","_tribe_ticket_has_attendee_info_fields":false,"_tribe_events_status":"","_tribe_events_status_reason":"","footnotes":""},"tags":[49,56,287,190,157,285,170,284,299,297,298,100,286,283,110],"tribe_events_cat":[9],"class_list":["post-10002967","tribe_events","type-tribe_events","status-publish","has-post-thumbnail","hentry","tag-altona","tag-behinderung","tag-freizeit","tag-freizeitgruppe","tag-gruppe","tag-junge-frauen","tag-kurs","tag-maedchen","tag-maedchen-treff","tag-maedchengruppe","tag-maedchentreff","tag-menschen-mit-behinderung","tag-motte","tag-treff","tag-treffen","tribe_events_cat-gruppen","cat_gruppen","tribe-recurring-event","tribe-recurring-event-parent"],"ticketed":false,"_links":{"self":[{"href":"https:\/\/termine.lhhh.de\/index.php?rest_route=\/wp\/v2\/tribe_events\/10002967","targetHints":{"allow":["GET"]}}],"collection":[{"href":"https:\/\/termine.lhhh.de\/index.php?rest_route=\/wp\/v2\/tribe_events"}],"about":[{"href":"https:\/\/termine.lhhh.de\/index.php?rest_route=\/wp\/v2\/types\/tribe_events"}],"author":[{"embeddable":true,"href":"https:\/\/termine.lhhh.de\/index.php?rest_route=\/wp\/v2\/users\/16"}],"replies":[{"embeddable":true,"href":"https:\/\/termine.lhhh.de\/index.php?rest_route=%2Fwp%2Fv2%2Fcomments&post=10002967"}],"version-history":[{"count":0,"href":"https:\/\/termine.lhhh.de\/index.php?rest_route=\/wp\/v2\/tribe_events\/10002967\/revisions"}],"wp:featuredmedia":[{"embeddable":true,"href":"https:\/\/termine.lhhh.de\/index.php?rest_route=\/wp\/v2\/media\/4105"}],"wp:attachment":[{"href":"https:\/\/termine.lhhh.de\/index.php?rest_route=%2Fwp%2Fv2%2Fmedia&parent=10002967"}],"wp:term":[{"taxonomy":"post_tag","embeddable":true,"href":"https:\/\/termine.lhhh.de\/index.php?rest_route=%2Fwp%2Fv2%2Ftags&post=10002967"},{"taxonomy":"tribe_events_cat","embeddable":true,"href":"https:\/\/termine.lhhh.de\/index.php?rest_route=%2Fwp%2Fv2%2Ftribe_events_cat&post=10002967"}],"curies":[{"name":"wp","href":"https:\/\/api.w.org\/{rel}","templated":true}]}}

Mädchen-Treff

<div class="fusion-fullwidth fullwidth-box fusion-builder-row-2 nonhundred-percent-fullwidth non-hundred-percent-height-scrolling">
<div class="fusion-builder-row fusion-row">
<div class="fusion-layout-column fusion_builder_column fusion-builder-column-3 fusion_builder_column_2_3 2_3 fusion-two-third fusion-column-last">
<div class="fusion-column-wrapper fusion-flex-column-wrapper-legacy">
<div class="fusion-text fusion-text-2">
<table>
<tbody>
<tr>
<td>Wir haben eine neue Gruppe:</p>
<p>Einen<strong> Mädchen-Treff</strong>.</p>
<p>Das ist eine Freizeit-Gruppe.</p>
<p>Die Gruppe ist für Mädchen und junge Frauen mit Behinderung.</p>
<p>Du kannst mitmachen, wenn Du</p>
<p>zwischen 15 und 27 Jahre alt bist.</td>
</tr>
</tbody>
</table>
</div>
<div class="fusion-clearfix"></div>
</div>
</div>
</div>
</div>
<div class="fusion-fullwidth fullwidth-box fusion-builder-row-3 nonhundred-percent-fullwidth non-hundred-percent-height-scrolling">
<div class="fusion-builder-row fusion-row">
<div class="fusion-layout-column fusion_builder_column fusion-builder-column-6 fusion_builder_column_2_3 2_3 fusion-two-third fusion-column-last">
<div class="fusion-column-wrapper fusion-flex-column-wrapper-legacy">
<div class="fusion-text fusion-text-3">
<p><strong>Was machen wir?<br />
</strong>Zum Beispiel:</p>
<ul>
<li>Spiele spielen</li>
<li>Kochen</li>
<li>Tanzen</li>
<li>Basteln</li>
<li>Reden</li>
</ul>
<p>Und alles, was uns Spaß macht.</p>
</div>
<div class="fusion-clearfix"></div>
</div>
</div>
</div>
</div>
<div class="fusion-fullwidth fullwidth-box fusion-builder-row-4 fusion-flex-container nonhundred-percent-fullwidth non-hundred-percent-height-scrolling">
<div class="fusion-builder-row fusion-row fusion-flex-align-items-flex-start">
<div class="fusion-layout-column fusion_builder_column fusion-builder-column-7 fusion_builder_column_1_1 1_1 fusion-flex-column">
<div class="fusion-column-wrapper fusion-flex-justify-content-flex-start fusion-content-layout-column">
<div class="fusion-separator fusion-full-width-sep">
<div class="fusion-separator-border sep-single"></div>
</div>
</div>
</div>
</div>
</div>
<div class="fusion-fullwidth fullwidth-box fusion-builder-row-5 nonhundred-percent-fullwidth non-hundred-percent-height-scrolling">
<div class="fusion-builder-row fusion-row">
<div class="fusion-layout-column fusion_builder_column fusion-builder-column-8 fusion_builder_column_1_3 1_3 fusion-one-third fusion-column-first">
<div class="fusion-column-wrapper fusion-flex-column-wrapper-legacy">
<div class="imageframe-align-center"><span class=" fusion-imageframe imageframe-none imageframe-6 hover-type-none"><img decoding="async" class="img-responsive wp-image-7530" title="Motte Altona" src="https://lhhh.de/wp-content/uploads/2022/11/Motte-Altona-150x150.jpg" alt="" width="150" height="150" /></span></div>
<div class="fusion-clearfix"></div>
</div>
</div>
<div class="fusion-layout-column fusion_builder_column fusion-builder-column-9 fusion_builder_column_2_3 2_3 fusion-two-third fusion-column-last">
<div class="fusion-column-wrapper fusion-flex-column-wrapper-legacy">
<div class="fusion-text fusion-text-4">
<table>
<tbody>
<tr>
<td><strong>Wo?</strong><br />
In der Motte in Altona.<br />
Das ist ein Haus, in dem sich junge Menschen<br />
treffen können.<strong><br />
Adresse:</strong><br />
Eulenstraße 43<br />
22765 Hamburg</td>
</tr>
</tbody>
</table>
</div>
<div class="fusion-clearfix"></div>
</div>
</div>
<div class="fusion-layout-column fusion_builder_column fusion-builder-column-11 fusion_builder_column_2_3 2_3 fusion-two-third fusion-column-last">
<div class="fusion-column-wrapper fusion-flex-column-wrapper-legacy">
<div class="fusion-text fusion-text-5">
<p><strong>Wann?<br />
</strong>Jeden zweiten Montag im Monat.<br />
Um 17.00 Uhr.</p>
</div>
</div>
</div>
</div>
</div>
<div class="fusion-fullwidth fullwidth-box fusion-builder-row-6 fusion-flex-container nonhundred-percent-fullwidth non-hundred-percent-height-scrolling">
<div class="fusion-builder-row fusion-row fusion-flex-align-items-flex-start">
<div class="fusion-layout-column fusion_builder_column fusion-builder-column-12 fusion_builder_column_1_1 1_1 fusion-flex-column">
<div class="fusion-column-wrapper fusion-flex-justify-content-flex-start fusion-content-layout-column">
<div class="fusion-separator fusion-full-width-sep">
<div class="fusion-separator-border sep-single"></div>
</div>
</div>
</div>
</div>
</div>
<div class="fusion-fullwidth fullwidth-box fusion-builder-row-7 nonhundred-percent-fullwidth non-hundred-percent-height-scrolling">
<div class="fusion-builder-row fusion-row">
<div class="fusion-layout-column fusion_builder_column fusion-builder-column-13 fusion_builder_column_1_3 1_3 fusion-one-third fusion-column-first">
<div class="fusion-column-wrapper fusion-flex-column-wrapper-legacy">
<div class="imageframe-align-center"><span class=" fusion-imageframe imageframe-none imageframe-8 hover-type-none"><img decoding="async" class="img-responsive wp-image-7468" title="Laura" src="https://lhhh.de/wp-content/uploads/2022/11/Laura-e1668767838315-150x150.jpg" alt="" width="150" height="150" /></span></div>
<div class="fusion-clearfix"></div>
</div>
</div>
<div class="fusion-layout-column fusion_builder_column fusion-builder-column-14 fusion_builder_column_2_3 2_3 fusion-two-third fusion-column-last">
<div class="fusion-column-wrapper fusion-flex-column-wrapper-legacy">
<div class="fusion-text fusion-text-6">
<p><strong>Wer macht die Gruppe?</strong><br />
Laura und Nathalie.</p>
<p>Auf dem Foto siehst Du Laura.</p>
</div>
<div class="fusion-text fusion-text-7">
<p><strong>Möchtest Du bei der Gruppe mitmachen?<br />
</strong>Dann melde Dich an.<br />
Wir freuen uns.</p>
<p><strong>Ansprech-Person:</strong></p>
<p>Laura Gonska<br />
<strong>E-Mail: maedchentreff-altona@outlook.de</strong></p>
</div>
<div class="fusion-clearfix"></div>
</div>
</div>
</div>
</div>
<div class="fusion-fullwidth fullwidth-box fusion-builder-row-9 nonhundred-percent-fullwidth non-hundred-percent-height-scrolling">
<div class="fusion-builder-row fusion-row">
<div class="fusion-layout-column fusion_builder_column fusion-builder-column-16 fusion_builder_column_1_3 1_3 fusion-one-third fusion-column-first">
<div class="fusion-column-wrapper fusion-flex-column-wrapper-legacy">
<div class="imageframe-align-center"><span class=" fusion-imageframe imageframe-none imageframe-9 hover-type-none"><img decoding="async" class="img-responsive wp-image-7471" title="Frau Telefon" src="https://lhhh.de/wp-content/uploads/2022/11/Frau-Telefon.png" alt="" width="100" height="100" /></span></div>
<div class="fusion-clearfix"></div>
</div>
</div>
<div class="fusion-layout-column fusion_builder_column fusion-builder-column-17 fusion_builder_column_2_3 2_3 fusion-two-third fusion-column-last">
<div class="fusion-column-wrapper fusion-flex-column-wrapper-legacy">
<div class="fusion-text fusion-text-8">
<p>Oder rufe an bei:</p>
<p>Ulrike Stüve<br />
<strong>Telefon:</strong> 040 –  689 433 11</p>
</div>
<div class="fusion-clearfix"></div>
</div>
</div>
</div>
</div>
<div class="fusion-fullwidth fullwidth-box fusion-builder-row-10 nonhundred-percent-fullwidth non-hundred-percent-height-scrolling">
<div class="fusion-builder-row fusion-row">
<div class="fusion-layout-column fusion_builder_column fusion-builder-column-18 fusion_builder_column_1_1 1_1 fusion-one-full fusion-column-first fusion-column-last">
<div class="fusion-column-wrapper fusion-flex-column-wrapper-legacy"></div>
</div>
</div>
</div>

<p>Wir haben eine neue Gruppe: Einen Mädchen-Treff. Das ist eine Freizeit-Gruppe. Die Gruppe ist für Mädchen und junge Frauen mit Behinderung. Du kannst mitmachen, wenn Du zwischen 15 und 27 Jahre alt bist. Was machen wir? Zum Beispiel: Spiele spielen Kochen Tanzen Basteln Reden Und alles, was uns Spaß macht. Wo? In der Motte in Altona.  [&#8230;]</p>
